{"id":2,"date":"2013-10-07T20:57:14","date_gmt":"2013-10-07T18:57:14","guid":{"rendered":"http:\/\/www.vojenice.cz\/?page_id=2"},"modified":"2014-11-23T17:46:00","modified_gmt":"2014-11-23T16:46:00","slug":"zkusebni-stranka","status":"publish","type":"page","link":"https:\/\/www.vojenice.cz\/","title":{"rendered":"V\u00edt\u00e1me v\u00e1s"},"content":{"rendered":"<p><strong>Vojenice<\/strong> jsou mal\u00e1 obec na <strong>\u00fapat\u00ed Orlick\u00fdch hor<\/strong>\u00a0v nadmo\u0159sk\u00e9 v\u00fd\u0161ce 376 m. n m.<\/p>\n<p>Vojenice spr\u00e1vn\u011b pat\u0159\u00ed pod obec Vod\u011brady.<br \/>\nJedin\u00fdm aktivn\u00edm sdru\u017een\u00edm m\u00edstn\u00edch ob\u010dan\u016f je <strong>Sbor dobrovoln\u00fdch hasi\u010d\u016f<\/strong>, kter\u00fd ve spolupr\u00e1ci s dal\u0161\u00edmi ob\u010dany obce pravideln\u011b po\u0159\u00e1d\u00e1 n\u011bkolik spole\u010densk\u00fdch akc\u00ed, jako nap\u0159\u00edklad p\u00e1len\u00ed \u010darodejnic, pivobran\u00ed, d\u011btsk\u00e9 rozlou\u010den\u00ed s pr\u00e1zdninami nebo ryb\u00e1\u0159sk\u00e9 z\u00e1vody.<\/p>\n<p>N\u011bkte\u0159\u00ed obyvatel\u00e9 jsou pak \u010dleny mysliveck\u00e9ho sdru\u017een\u00ed ve Vod\u011bradech.<\/p>\n<p>Nad Vojenicemi se ty\u010d\u00ed <strong>rozhledna<\/strong> na vrchu <strong><a title=\"Rozhledna Osi\u010dina\" href=\"http:\/\/www.osicina.cz\" target=\"_blank\">Osi\u010dina<\/a><\/strong>, ze kter\u00e9 je kr\u00e1sn\u00fd v\u00fdhled na cel\u00e9 Orlick\u00e9 hory i Krkono\u0161e.<\/p>\n<p><a href=\"http:\/\/www.vojenice.cz\/wp-content\/uploads\/2013\/10\/Vojenice-16-4-2013.jpg\"><img decoding=\"async\" loading=\"lazy\" class=\"aligncenter size-medium wp-image-83\" src=\"http:\/\/www.vojenice.cz\/wp-content\/uploads\/2013\/10\/Vojenice-16-4-2013-300x225.jpg\" alt=\"\" width=\"300\" height=\"225\" srcset=\"https:\/\/www.vojenice.cz\/wp-content\/uploads\/2013\/10\/Vojenice-16-4-2013-300x225.jpg 300w, https:\/\/www.vojenice.cz\/wp-content\/uploads\/2013\/10\/Vojenice-16-4-2013-1024x768.jpg 1024w\" sizes=\"(max-width: 300px) 100vw, 300px\" \/><\/a><\/p>\n<p>&nbsp;<\/p>\n<p>Mal\u00e9 ohl\u00e9dnut\u00ed za rokem 2014 m\u016f\u017eete vid\u011bt <a title=\"Vojenice 2014\" href=\"https:\/\/www.youtube.com\/watch?v=yXFZSK3N-nY\" target=\"_blank\">zde<\/a>.<\/p>\n<p>&nbsp;<\/p>\n","protected":false},"excerpt":{"rendered":"<p>Vojenice jsou mal\u00e1 obec na \u00fapat\u00ed Orlick\u00fdch hor\u00a0v nadmo\u0159sk\u00e9 v\u00fd\u0161ce 376 m. n m. Vojenice spr\u00e1vn\u011b pat\u0159\u00ed pod obec Vod\u011brady. Jedin\u00fdm aktivn\u00edm sdru\u017een\u00edm m\u00edstn\u00edch ob\u010dan\u016f je Sbor dobrovoln\u00fdch hasi\u010d\u016f, kter\u00fd ve spolupr\u00e1ci s dal\u0161\u00edmi ob\u010dany obce pravideln\u011b po\u0159\u00e1d\u00e1 n\u011bkolik spole\u010densk\u00fdch&hellip; <\/p>\n","protected":false},"author":1,"featured_media":19,"parent":0,"menu_order":1,"comment_status":"closed","ping_status":"closed","template":"","meta":[],"_links":{"self":[{"href":"https:\/\/www.vojenice.cz\/index.php?rest_route=\/wp\/v2\/pages\/2"}],"collection":[{"href":"https:\/\/www.vojenice.cz\/index.php?rest_route=\/wp\/v2\/pages"}],"about":[{"href":"https:\/\/www.vojenice.cz\/index.php?rest_route=\/wp\/v2\/types\/page"}],"author":[{"embeddable":true,"href":"https:\/\/www.vojenice.cz\/index.php?rest_route=\/wp\/v2\/users\/1"}],"replies":[{"embeddable":true,"href":"https:\/\/www.vojenice.cz\/index.php?rest_route=%2Fwp%2Fv2%2Fcomments&post=2"}],"version-history":[{"count":22,"href":"https:\/\/www.vojenice.cz\/index.php?rest_route=\/wp\/v2\/pages\/2\/revisions"}],"predecessor-version":[{"id":112,"href":"https:\/\/www.vojenice.cz\/index.php?rest_route=\/wp\/v2\/pages\/2\/revisions\/112"}],"wp:featuredmedia":[{"embeddable":true,"href":"https:\/\/www.vojenice.cz\/index.php?rest_route=\/wp\/v2\/media\/19"}],"wp:attachment":[{"href":"https:\/\/www.vojenice.cz\/index.php?rest_route=%2Fwp%2Fv2%2Fmedia&parent=2"}],"curies":[{"name":"wp","href":"https:\/\/api.w.org\/{rel}","templated":true}]}}

Vítáme vás

<p><strong>Vojenice</strong> jsou malá obec na <strong>úpatí Orlických hor</strong> v nadmořské výšce 376 m. n m.</p>
<p>Vojenice správně patří pod obec Voděrady.<br />
Jediným aktivním sdružením místních občanů je <strong>Sbor dobrovolných hasičů</strong>, který ve spolupráci s dalšími občany obce pravidelně pořádá několik společenských akcí, jako například pálení čarodejnic, pivobraní, dětské rozloučení s prázdninami nebo rybářské závody.</p>
<p>Někteří obyvatelé jsou pak členy mysliveckého sdružení ve Voděradech.</p>
<p>Nad Vojenicemi se tyčí <strong>rozhledna</strong> na vrchu <strong><a title="Rozhledna Osičina" href="http://www.osicina.cz" target="_blank">Osičina</a></strong>, ze které je krásný výhled na celé Orlické hory i Krkonoše.</p>
<p><a href="http://www.vojenice.cz/wp-content/uploads/2013/10/Vojenice-16-4-2013.jpg"><img decoding="async" loading="lazy" class="aligncenter size-medium wp-image-83" src="http://www.vojenice.cz/wp-content/uploads/2013/10/Vojenice-16-4-2013-300x225.jpg" alt="" width="300" height="225" srcset="https://www.vojenice.cz/wp-content/uploads/2013/10/Vojenice-16-4-2013-300x225.jpg 300w, https://www.vojenice.cz/wp-content/uploads/2013/10/Vojenice-16-4-2013-1024x768.jpg 1024w" sizes="(max-width: 300px) 100vw, 300px" /></a></p>
<p>&nbsp;</p>
<p>Malé ohlédnutí za rokem 2014 můžete vidět <a title="Vojenice 2014" href="https://www.youtube.com/watch?v=yXFZSK3N-nY" target="_blank">zde</a>.</p>
<p>&nbsp;</p>

<p>Vojenice jsou malá obec na úpatí Orlických hor v nadmořské výšce 376 m. n m. Vojenice správně patří pod obec Voděrady. Jediným aktivním sdružením místních občanů je Sbor dobrovolných hasičů, který ve spolupráci s dalšími občany obce pravidelně pořádá několik společenských&hellip; </p>
