{"id":5,"date":"2013-09-04T19:57:42","date_gmt":"2013-09-04T17:57:42","guid":{"rendered":"http:\/\/www.vojenice.cz\/?page_id=5"},"modified":"2026-03-13T13:48:33","modified_gmt":"2026-03-13T12:48:33","slug":"aktuality-a-akce","status":"publish","type":"page","link":"https:\/\/www.vojenice.cz\/?page_id=5","title":{"rendered":"Akce 2026"},"content":{"rendered":"\n<p>Vojenice byly v\u017edy \u017eiv\u00e1 obec.<\/p>\n\n\n\n<p><\/p>\n\n\n\n<p>28.3. Ukli\u010fme \u010cesko<br>30.4. \u010carodejnice &#8211; skv\u011bl\u00e9 odpoledne provon\u011bn\u00e9 ku\u0159aty z grilu a skv\u011bl\u00fdm pivem<\/p>\n\n\n\n<p><\/p>\n\n\n\n<p>O p\u0159esn\u00fdch term\u00ednech dal\u0161\u00edch akc\u00ed v\u00e1s budeme v\u010das informovat.<br><br><\/p>\n","protected":false},"excerpt":{"rendered":"<p>Vojenice byly v\u017edy \u017eiv\u00e1 obec. 28.3. Ukli\u010fme \u010cesko30.4. \u010carodejnice &#8211; skv\u011bl\u00e9 odpoledne provon\u011bn\u00e9 ku\u0159aty z grilu a skv\u011bl\u00fdm pivem O p\u0159esn\u00fdch term\u00ednech dal\u0161\u00edch akc\u00ed v\u00e1s budeme v\u010das informovat.<\/p>\n","protected":false},"author":1,"featured_media":0,"parent":0,"menu_order":2,"comment_status":"closed","ping_status":"closed","template":"","meta":[],"_links":{"self":[{"href":"https:\/\/www.vojenice.cz\/index.php?rest_route=\/wp\/v2\/pages\/5"}],"collection":[{"href":"https:\/\/www.vojenice.cz\/index.php?rest_route=\/wp\/v2\/pages"}],"about":[{"href":"https:\/\/www.vojenice.cz\/index.php?rest_route=\/wp\/v2\/types\/page"}],"author":[{"embeddable":true,"href":"https:\/\/www.vojenice.cz\/index.php?rest_route=\/wp\/v2\/users\/1"}],"replies":[{"embeddable":true,"href":"https:\/\/www.vojenice.cz\/index.php?rest_route=%2Fwp%2Fv2%2Fcomments&post=5"}],"version-history":[{"count":37,"href":"https:\/\/www.vojenice.cz\/index.php?rest_route=\/wp\/v2\/pages\/5\/revisions"}],"predecessor-version":[{"id":249,"href":"https:\/\/www.vojenice.cz\/index.php?rest_route=\/wp\/v2\/pages\/5\/revisions\/249"}],"wp:attachment":[{"href":"https:\/\/www.vojenice.cz\/index.php?rest_route=%2Fwp%2Fv2%2Fmedia&parent=5"}],"curies":[{"name":"wp","href":"https:\/\/api.w.org\/{rel}","templated":true}]}}